 - 2*z + 1. Let f be o(2). Let s be 22 + f/(-1) + -2. Let g = 136 - 3. Calculate the greatest common factor of g and s.
19
Let p = -293 - -335. Calculate the highest common factor of p and 21.
21
Let p = 494 - 278. What is the greatest common divisor of p and 54?
54
Let o = -635 + 739. Calculate the greatest common factor of o and 32.
8
Let n be (-1 - -16)*(-2 + 3). Let r be ((-12)/10)/((-2)/5). Let p = 6 - r. Calculate the greatest common divisor of n and p.
3
Let v be (-12)/(-7 - -9) - -86. Calculate the greatest common factor of 112 and v.
16
Let q be -1 + (-9 - -5) + (-731)/(-1). Suppose 5*w = w - 2*y + q, -3*w + 531 = -3*y. What is the highest common factor of 36 and w?
36
Suppose 5*y = 2*i - 1 + 9, 2*y = -3*i + 7. Suppose 2 = t - y*c - 33, 4*t - 140 = 2*c. Calculate the greatest common factor of t and 7.
7
Let k = -308 + 336. What is the greatest common factor of k and 1?
1
Suppose 11*l - 6*l - 30 = 0. Suppose 0 = -l*m - 0*m + 756. What is the highest common factor of 14 and m?
14
Suppose 65 = 13*w - 8*w + 5*j, 4*j = 4*w - 20. Calculate the greatest common factor of w and 87.
3
Let r(p) = -47*p + 492. Let g be r(10). What is the highest common factor of g and 198?
22
Suppose -c - 168 - 440 = -4*h, 0 = -4*c. Calculate the highest common divisor of 19 and h.
19
Let w be (4/(-12))/((-3)/2682). Suppose -2*o + 0*o = -3*z + w, 5*o + 121 = z. Let k be 2 + -1 + (-1 - -12). Calculate the greatest common divisor of k and z.
12
Suppose -5*k = -3*k - 332. Let f = 287 - k. Calculate the highest common factor of 11 and f.
11
Suppose 5*y = -j + 78, -16*y = 3*j - 15*y - 262. Calculate the greatest common factor of j and 88.
88
Let g(w) = 8*w**2 + 0*w - 6*w + 0*w. Let b be 34/(-12) - 1/6. Let l be g(b). Calculate the greatest common divisor of 9 and l.
9
Suppose 216 = -46*p + 55*p. Calculate the greatest common factor of 56 and p.
8
Let s be (-2 + -1 + 0)*-45. Let m(k) = 10*k - 6. Let x be m(4). Let q = -19 + x. What is the greatest common factor of s and q?
15
Let f(y) = -y**3 + y**2 + y - 9. Let v be f(0). Let w = v + 9. Suppose 2*a + 8 = 0, w = -5*k + a + 180 - 36. Calculate the greatest common divisor of k and 7.
7
Suppose 2*r + 2*k - 70 = 0, 144 = 2*r - 2*k + 62. Let f(d) = -d**3 + 3*d**2 + 2. Let z be f(-4). What is the greatest common factor of z and r?
38
Let w(a) = 2*a**3 + 94*a**2 - 6*a - 65. Let x be w(-47). What is the greatest common divisor of x and 7?
7
Let s(i) = 14*i + 133. Let x be s(6). Calculate the greatest common divisor of x and 7.
7
Let c = 19 - 17. Suppose -a - 129 + 449 = -4*k, a = -c*k + 308. What is the highest common factor of a and 24?
24
Let q be (2/10*-4)/(72/(-540)). Let b(i) = i**3 - 2*i. Let k be b(2). Suppose k*x - 2*x = 48. What is the greatest common factor of q and x?
6
Let m(y) = 129*y + 4. Let d be m(1). Calculate the highest common factor of 76 and d.
19
Let a be 3*4/(-6) + 1. Let z be (4/24*-10*9)/a. What is the highest common divisor of 120 and z?
15
Let r be (-10)/(-40) - (-33)/(-4). Let u be -10*(r/(-5) + -2). Suppose 5*p - 10 - 3 = -u*h, 0 = -5*p + h + 3. Calculate the greatest common divisor of 1 and p.
1
Suppose -33*f = -38 - 28. Calculate the highest common divisor of f and 34.
2
Let h = -14 + 12. Let z be 76 + 3/((-2)/h). Suppose 7*w - 2*w + 3*l = 89, 5*l = -4*w + z. What is the highest common divisor of 64 and w?
16
Suppose -4*y + 68*l = 70*l - 230, -4*l + 75 = y. Calculate the greatest common divisor of 484 and y.
11
Let b = 167 + -155. Calculate the greatest common factor of 6 and b.
6
Suppose 0 = -5*d - 3*h + 32, -3*d + 2*h - 10 = -33. Suppose 0 = 4*s - 4*t - 232, s - 5*t = 20 + 46. Calculate the highest common factor of d and s.
7
Suppose 428 = -14*i - 48. Let x = i + 42. Let h = 50 + -34. Calculate the greatest common factor of x and h.
8
Suppose -5*j - 2*l + 6 = 0, l + 4 - 2 = 0. Suppose x + 3 = 2*x. Suppose -j*m = 5*d - 25, -5*d + 2*d + x = 0. Calculate the greatest common divisor of m and 5.
5
Let w(l) = l - 8. Let s be w(8). Suppose s = 29*a - 24*a - 15. Calculate the highest common divisor of a and 27.
3
Let u be -1 + 1/(1/8). Let h = 12 - u. Suppose -1 = -n + h*c - 4, -54 = -5*n + 2*c. What is the greatest common divisor of 3 and n?
3
Suppose 0 = 3*n - n + 90. Let b = 94 + n. Calculate the greatest common factor of 7 and b.
7
Let k be 2/(-26) - 5759/(-169). Calculate the highest common divisor of 255 and k.
17
Let u(o) = -o**3 + 3*o**2 + 6*o - 6. Let w be u(4). What is the greatest common divisor of 46 and w?
2
Suppose -768 = -530*q + 506*q. Calculate the highest common factor of q and 4.
4
Suppose -2*g = -6 - 6. Let h(q) = q**2 + 2*q + 2. Let b be h(-2). Let c be 1/b - 5/(-2). Calculate the greatest common divisor of c and g.
3
Let s be (9*-2)/(12/352*-4). Calculate the highest common factor of 308 and s.
44
Let o(d) = 18*d - 34. Let j be o(2). What is the highest common factor of j and 14?
2
Let k(j) = -j**3 + 16*j**2 - 17*j + 18. Let x(f) = f**2 - f + 1. Let a(d) = k(d) - 4*x(d). Let s be a(10). What is the greatest common divisor of s and 56?
28
Let a be (-20)/((-300)/4395) - 5*1. What is the greatest common divisor of 224 and a?
32
Let d be 1*(14 + -10 - -1). Calculate the greatest common factor of 12 and d.
1
Let d be 632/24*(-1 - -4). Calculate the greatest common divisor of d and 711.
79
Let s = -8 - -9. Suppose -g + s = 3. Let z be g/(-4) + 286/4. What is the highest common divisor of z and 48?
24
Let x = 430 + -214. Suppose -3*a - x = -9*a. Suppose -4*y + 27 = -9. What is the highest common factor of a and y?
9
Let d(h) = 2*h**2 - 8*h - 26. Let q be d(-3). What is the greatest common factor of 20 and q?
4
Let u(x) = -x**2 - 43*x - 211. Let f be u(-37). What is the highest common factor of 11 and f?
11
Let y be -60*(-2)/((-4)/(-2)). Let s(h) = -2*h**3 + h**2 - h + 2. Let k be s(-2). What is the highest common divisor of y and k?
12
Suppose 3*i - 482 = -0*d - d, 0 = i - 4*d - 152. What is the greatest common factor of 10 and i?
10
Let w(d) = d - 13. Let q be w(-2). Let f(b) = b**3 + 17*b**2 + 26*b + 3. Let z be f(q). Calculate the greatest common divisor of z and 18.
9
Suppose 10*i + 420 = 13*i. Suppose 13*q - i = 8*q. Calculate the greatest common divisor of q and 42.
14
Suppose g + 3*x = 10 - 1, 0 = 2*g + 3*x - 27. Suppose 0 = 21*a - g*a - 960. Calculate the highest common divisor of 40 and a.
40
Let n = -205 - -408. What is the greatest common factor of n and 29?
29
Let j = -190 + 325. Let h be 1 + 8 + 12 + 6. What is the greatest common divisor of j and h?
27
Let y = 91 + -36. Suppose 0 = -u - 3*u + 44. What is the greatest common factor of y and u?
11
Suppose -2*r = -2*x - 5*r + 15, -6 = 3*x - 5*r. Suppose 0 = 2*b + x*b - 45. Let w = 104 - 41. What is the greatest common factor of w and b?
9
Suppose -22*c + 5280 = -2992. Calculate the greatest common divisor of c and 24.
8
Let z(s) = 9*s + 201. Let q be z(-21). What is the highest common divisor of q and 876?
12
Let g(x) = x**2 + 13*x + 4. Let u be g(4). Calculate the greatest common factor of u and 96.
24
Suppose 12 + 16 = 4*c. Suppose s - 3*m + m = 8, -4*s - c = 5*m. Calculate the greatest common factor of 10 and s.
2
Let c be (-2 - 26/(-1)) + 0. Suppose 2*v - w = -10, 4 = -2*v + w - 3*w. Let y be 5*(0 + (v - (-56)/10)). What is the greatest common divisor of y and c?
8
Let f(w) = 18*w - 8*w + 155*w. Let v be f(1). Calculate the greatest common divisor of v and 15.
15
Let m(i) = -4*i - 13. Let y be m(-7). Suppose -u - 2 = 14. Let f be u/(-6) + 7/21. What is the greatest common divisor of y and f?
3
Suppose 5*q + 2*c - 149 = 0, -3*q + 4*q - c = 27. Let x = 47 + 40. Calculate the highest common factor of q and x.
29
Let x(w) = -w**2 + 5*w + 2. Let f be x(4). Let q = f + -3. Suppose 4*k + 25 = m, -m + 58 = q*m - 2*k. Calculate the highest common factor of m and 117.
13
Let n(j) = 16*j - 8. Let y be n(8). Suppose -4*f - 4*k = -y, 3*f - 4*k = 16 + 39. Suppose 6*c - c - f = 0. What is the greatest common factor of 55 and c?
5
Let t(w) = 11*w**3 - 2*w**2 - 4*w - 5. Let q be t(-2). Let y = q + 113. What is the highest common factor of y and 20?
20
Let v(a) = a**2 - 3*a - 2. Let o be v(4). Suppose 5*b + u = 0, -3 - 24 = -o*b + 5*u. Let c be 0 + 2*(0 + b). What is the highest common factor of 10 and c?
2
Let t = -1 - -9. Let o = 9 -